at is the ten thousands digit of 1471968?
7
What is the hundreds digit of 3759321?
3
What is the tens digit of 2173602?
0
What is the hundreds digit of 208306?
3
What is the hundreds digit of 17868990?
9
What is the hundred thousands digit of 1274459?
2
What is the tens digit of 9862617?
1
What is the tens digit of 3933088?
8
What is the units digit of 953648?
8
What is the units digit of 125792?
2
What is the tens digit of 269328?
2
What is the hundred thousands digit of 125904?
1
What is the hundreds digit of 1601226?
2
What is the thousands digit of 160190?
0
What is the units digit of 29114?
4
What is the hundreds digit of 74963?
9
What is the thousands digit of 2582160?
2
What is the hundred thousands digit of 346670?
3
What is the tens digit of 1747246?
4
What is the hundreds digit of 71283?
2
What is the thousands digit of 192080?
2
What is the hundred thousands digit of 6014547?
0
What is the hundreds digit of 2061575?
5
What is the hundreds digit of 10486566?
5
What is the tens digit of 12538011?
1
What is the units digit of 14024491?
1
What is the units digit of 250094?
4
What is the ten thousands digit of 458506?
5
What is the tens digit of 129017?
1
What is the thousands digit of 83087?
3
What is the hundreds digit of 524710?
7
What is the hundred thousands digit of 1784780?
7
What is the units digit of 205931?
1
What is the ten thousands digit of 69098?
6
What is the hundred thousands digit of 3616656?
6
What is the ten thousands digit of 245462?
4
What is the millions digit of 12398059?
2
What is the tens digit of 84191?
9
What is the hundreds digit of 839130?
1
What is the hundreds digit of 540464?
4
What is the units digit of 6682025?
5
What is the units digit of 12833586?
6
What is the ten thousands digit of 817975?
1
What is the thousands digit of 363351?
3
What is the hundreds digit of 2148333?
3
What is the tens digit of 80408?
0
What is the thousands digit of 10689755?
9
What is the hundreds digit of 5885451?
4
What is the units digit of 1008877?
7
What is the hundred thousands digit of 486873?
4
What is the thousands digit of 3733?
3
What is the tens digit of 461526?
2
What is the tens digit of 262572?
7
What is the hundred thousands digit of 1634897?
6
What is the hundreds digit of 1113063?
0
What is the ten thousands digit of 4963641?
6
What is the units digit of 2434004?
4
What is the hundreds digit of 261030?
0
What is the thousands digit of 231745?
1
What is the hundred thousands digit of 899540?
8
What is the hundreds digit of 3941160?
1
What is the hundred thousands digit of 477532?
4
What is the hundreds digit of 359573?
5
What is the hundred thousands digit of 211286?
2
What is the tens digit of 5100590?
9
What is the ten thousands digit of 569894?
6
What is the hundreds digit of 240266?
2
What is the ten thousands digit of 5899834?
9
What is the ten thousands digit of 2637886?
3
What is the units digit of 5007288?
8
What is the units digit of 8035267?
7
What is the tens digit of 1624659?
5
What is the hundreds digit of 96634?
6
What is the units digit of 843659?
9
What is the hundred thousands digit of 417169?
4
What is the millions digit of 13870914?
3
What is the millions digit of 8723046?
8
What is the hundred thousands digit of 20264537?
2
What is the units digit of 3321554?
4
What is the hundreds digit of 1232993?
9
What is the tens digit of 14039476?
7
What is the millions digit of 1996372?
1
What is the thousands digit of 8431?
8
What is the hundred thousands digit of 114535?
1
What is the ten thousands digit of 4159894?
5
What is the thousands digit of 17443?
7
What is the ten thousands digit of 621073?
2
What is the tens digit of 428030?
3
What is the tens digit of 853606?
0
What is the hundreds digit of 17030?
0
What is the ten thousands digit of 1052968?
5
What is the tens digit of 968987?
8
What is the hundred thousands digit of 13413298?
4
What is the millions digit of 1401821?
1
What is the hundreds digit of 2692799?
7
What is the ten millions digit of 14549546?
1
What is the ten thousands digit of 79000?
7
What is the thousands digit of 142368?
2
What is the millions digit of 2730140?
2
What is the ten millions digit of 19557762?
1
What is the thousands digit of 13763883?
3
What is the hundreds digit of 458784?
7
What is the ten thousands digit of 326858?
2
What is the units digit of 2875984?
4
What is the ten thousands digit of 2435807?
3
What is the hundreds digit of 209385?
3
What is the units digit of 960088?
8
What is the hundreds digit of 284245?
2
What is the thousands digit of 506859?
6
What is the millions digit of 2850249?
2
What is the tens digit of 521611?
1
What is the millions digit of 9632509?
9
What is the ten thousands digit of 16621221?
2
What is the thousands digit of 234617?
4
What is the tens digit of 303392?
9
What is the tens digit of 4087739?
3
What is the ten thousands digit of 72264?
7
What is the tens digit of 450473?
7
What is the hundred thousands digit of 34735593?
7
What is the millions digit of 1624783?
1
What is the hundreds digit of 5146004?
0
What is the ten thousands digit of 605839?
0
What is the thousands digit of 304640?
4
What is the thousands digit of 10587097?
7
What is the tens digit of 1632072?
7
What is the hundreds digit of 529097?
0
What is the ten thousands digit of 533287?
3
What is the hundred thousands digit of 4181914?
1
What is the ten thousands digit of 125638?
2
What is the ten thousands digit of 7827772?
2
What is the hundreds digit of 2788466?
4
What is the units digit of 3095972?
2
What is the millions digit of 2574261?
2
What is the tens digit of 1138313?
1
What is the ten thousands digit of 160762?
6
What is the hundreds digit of 483955?
9
What is the hundred thousands digit of 1352499?
3
What is the units digit of 267368?
8
What is the hundreds digit of 794846?
8
What is the tens digit of 205742?
4
What is the ten millions digit of 11572605?
1
What is the tens digit of 1297275?
7
What is the tens digit of 6105899?
9
What is the thousands digit of 207058?
7
What is the hundreds digit of 7836609?
6
What is the tens digit of 2809894?
9
What is the thousands digit of 1750724?
0
What is the tens digit of 925606?
0
What is the thousands digit of 10018669?
8
What is the units digit of 2806935?
5
What is the hundred thousands digit of 772089?
7
What is the units digit of 1274125?
5
What is the hundred thousands digit of 845276?
8
What is the units digit of 279434?
4
What is the hundreds digit of 5120116?
1
What is the hundred thousands digit of 2043378?
0
What is the tens digit of 921774?
7
What is the units digit of 2495680?
0
What is the thousands digit of 5971331?
1
What is the millions digit of 5171768?
5
What is the tens digit of 507169?
6
What is the hundred thousands digit of 1242625?
2
What is the tens digit of 3046702?
0
What is the hundred thousands digit of 141590?
1
What is the hundreds digit of 33820?
8
What is the units digit of 8750813?
3
What is the hundreds digit of 1110628?
6
What is the millions digit of 3708923?
3
What is the tens digit of 35673?
7
What is the thousands digit of 4335818?
5
What is the units digit of 319551?
1
What is the hundreds digit of 3833644?
6
What is the hundred thousands digit of 19779049?
7
What is the units digit of 240413?
3
What is the hundreds digit of 113603?
6
What is the hundred thousands digit of 357151?
3
What is the thousands digit of 38179687?
9
What is the thousands digit of 47251?
7
What is the tens digit of 213160?
6
What is the tens digit of 11049047?
4
What is the hundreds digit of 364530?
5
What is the hundred thousands digit of 6148557?
1
What is the thousands digit of 354880?
4
What is the thousands digit of 119058?
9
What is the hundreds digit of 20855?
8
What is the hundreds digit of 6923722?
7
What is the thousands digit of 2924358?
4
What is the hundred thousands digit of 315504?
3
What is the hundred thousands digit of 332354?
3
What is the ten thousands digit of 6116161?
1
What is the thousands digit of 312629?
2
What is the hundred thousands digit of 7565752?
5
What is the units digit of 7385362?
2
What is the units digit of 1603?
3
What is the thousands digit of 219917?
9
What is the tens digit of 10590935?
3
What is the units digit of 866803?
3
What is the thousands d